tors of 282567?
3, 131, 719
What are the prime factors of 8719164?
2, 3, 17, 1583
List the prime factors of 2373137.
13, 182549
What are the prime factors of 21370271?
13, 1643867
List the prime factors of 601954.
2, 300977
What are the prime factors of 121601?
17, 23, 311
List the prime factors of 1594944.
2, 3, 13, 71
What are the prime factors of 1171736?
2, 149, 983
List the prime factors of 330026.
2, 31, 5323
What are the prime factors of 2636254?
2, 197, 6691
What are the prime factors of 132406?
2, 239, 277
List the prime factors of 4421246.
2, 2210623
What are the prime factors of 2210987?
2210987
What are the prime factors of 4086770?
2, 5, 408677
List the prime factors of 1014598.
2, 13, 39023
List the prime factors of 7473664.
2, 11, 1327
What are the prime factors of 3391555?
5, 31, 21881
List the prime factors of 173363.
53, 3271
List the prime factors of 3345874.
2, 7, 238991
What are the prime factors of 6959826?
2, 3, 29, 67, 199
List the prime factors of 1575638.
2, 23, 34253
List the prime factors of 459344.
2, 19, 1511
List the prime factors of 10521908.
2, 2630477
List the prime factors of 3954440.
2, 5, 7, 29, 487
What are the prime factors of 16449048?
2, 3, 7, 11, 23, 43
List the prime factors of 44580.
2, 3, 5, 743
List the prime factors of 434949.
3, 144983
List the prime factors of 19942030.
2, 5, 1994203
List the prime factors of 2683894.
2, 1341947
What are the prime factors of 7805316?
2, 3, 61, 10663
List the prime factors of 1148924.
2, 7, 37, 1109
What are the prime factors of 29758?
2, 14879
List the prime factors of 1879893.
3, 208877
List the prime factors of 92868.
2, 3, 71, 109
List the prime factors of 250195.
5, 11, 4549
What are the prime factors of 3204961?
3204961
What are the prime factors of 24102569?
24102569
What are the prime factors of 227084?
2, 11, 13, 397
What are the prime factors of 1270121?
17, 74713
What are the prime factors of 12872759?
12872759
List the prime factors of 135536.
2, 43, 197
What are the prime factors of 9621623?
11, 874693
What are the prime factors of 2307950?
2, 5, 31, 1489
What are the prime factors of 6761426?
2, 7, 313, 1543
What are the prime factors of 23005799?
23005799
List the prime factors of 2279617.
2279617
What are the prime factors of 5725846?
2, 7, 58427
List the prime factors of 533343.
3, 139, 1279
What are the prime factors of 3085553?
3085553
What are the prime factors of 1817942?
2, 7, 129853
What are the prime factors of 2599378?
2, 1299689
List the prime factors of 51088.
2, 31, 103
List the prime factors of 4649956.
2, 23, 50543
List the prime factors of 5262779.
179, 29401
What are the prime factors of 6096673?
11, 103, 5381
What are the prime factors of 280597?
280597
List the prime factors of 40745.
5, 29, 281
What are the prime factors of 351640?
2, 5, 59, 149
List the prime factors of 203358.
2, 3, 33893
What are the prime factors of 513045?
3, 5, 13, 877
What are the prime factors of 2716707?
3, 7, 18481
List the prime factors of 1614621.
3, 41, 13127
What are the prime factors of 48816?
2, 3, 113
What are the prime factors of 171901?
397, 433
What are the prime factors of 159009?
3, 53003
List the prime factors of 4819613.
1201, 4013
What are the prime factors of 12788860?
2, 5, 7, 167, 547
List the prime factors of 1558555.
5, 311711
List the prime factors of 1659469.
7, 237067
List the prime factors of 125633.
73, 1721
What are the prime factors of 192348?
2, 3, 13, 137
What are the prime factors of 335942?
2, 167971
List the prime factors of 2457981.
3, 53, 5153
What are the prime factors of 98701?
89, 1109
List the prime factors of 3024062.
2, 17, 29, 3067
What are the prime factors of 283246?
2, 141623
What are the prime factors of 889010?
2, 5, 19, 4679
List the prime factors of 80152.
2, 43, 233
List the prime factors of 1970880.
2, 3, 5, 2053
List the prime factors of 1774042.
2, 83, 10687
List the prime factors of 755282.
2, 11, 3121
What are the prime factors of 5168541?
3, 7, 246121
What are the prime factors of 190172?
2, 47543
List the prime factors of 214440.
2, 3, 5, 1787
What are the prime factors of 142479?
3, 1759
List the prime factors of 150162.
2, 3, 29, 863
What are the prime factors of 2628119?
13, 15551
List the prime factors of 1038613.
79, 13147
List the prime factors of 9113639.
9113639
What are the prime factors of 6197413?
109, 56857
What are the prime factors of 1079903?
11, 19, 5167
List the prime factors of 1107688.
2, 138461
What are the prime factors of 5516762?
2, 257, 10733
List the prime factors of 4916171.
13, 378167
What are the prime factors of 8567252?
2, 17, 19, 349
What are the prime factors of 129610?
2, 5, 13, 997
List the prime factors of 8572231.
409, 20959
List the prime factors of 196096.
2, 383
What are the prime factors of 678105?
3, 5, 5023
List the prime factors of 576502.
2, 47, 6133
What are the prime factors of 36259?
101, 359
What are the prime factors of 3917268?
2, 3, 19, 23, 83
List the prime factors of 10082.
2, 71
What are the prime factors of 5839?
5839
What are the prime factors of 90959?
11, 8269
List the prime factors of 1455438.
2, 3, 17, 19, 751
What are the prime factors of 227728?
2, 43, 331
List the prime factors of 850029.
3, 67, 4229
What are the prime factors of 599251?
599251
List the prime factors of 130.
2, 5, 13
What are the prime factors of 474549?
3, 317, 499
What are the prime factors of 224448?
2, 3, 7, 167
List the prime factors of 297960.
2, 3, 5, 13, 191
List the prime factors of 15964405.
5, 3192881
List the prime factors of 218265.
3, 5, 14551
What are the prime factors of 2367917?
193, 12269
List the prime factors of 258191.
19, 107, 127
List the prime factors of 4202185.
5, 13, 4973
What are the prime factors of 732833?
732833
List the prime factors of 3595401.
3, 37, 59, 61
What are the prime factors of 530066?
2, 47, 5639
What are the prime factors of 95325?
3, 5, 31, 41
List the prime factors of 2108644.
2, 527161
List the prime factors of 14346593.
113, 126961
What are the prime factors of 1747492?
2, 347, 1259
What are the prime factors of 1326895?
5, 29, 9151
List the prime factors of 5308053.
3, 59, 29989
What are the prime factors of 204606?
2, 3, 421
What are the prime factors of 21861481?
21861481
What are the prime factors of 1877189?
1877189
List the prime factors of 15104666.
2, 379, 19927
What are the prime factors of 3410191?
1453, 2347
What are the prime factors of 1839877?
13, 141529
List the prime factors of 472677.
3, 157559
What are the prime factors of 1274509?
1274509
What are the prime factors of 194441?
13, 14957
What are the prime factors of 1066205?
5, 7, 41, 743
What are the prime factors of 11677077?
3, 19, 23, 2969
What are the prime factors of 194052?
2, 3, 103, 157
What are the prime factors of 805340?
2, 5, 67, 601
List the prime factors of 5649715.
5, 37, 30539
List the prime factors of 4560494.
2, 19, 43, 2791
What are the prime factors of 12687709?
43, 109, 2707
What are the prime factors of 1963283?
7, 103, 389
What are the prime factors of 523810?
2, 5, 7, 1069
List the prime factors of 220558.
2, 13, 17, 499
What are the prime factors of 1256265?
3, 5, 27917
List the prime factors of 8597906.
2, 23, 311, 601
What are the prime factors of 310836?
2, 3, 25903
What are the prime factors of 13174362?
2, 3, 731909
What are the prime factors of 32225668?
2, 23, 37, 9467
List the prime factors of 41255.
5, 37, 223
What are the prime factors of 24154598?
2, 13, 929023
List the prime factors of 969648.
2, 3, 20201
What are the prime factors of 1230526?
2, 11, 55933
List the prime factors of 486251.
17, 28603
List the prime factors of 431889.
3, 19, 7577
List the prime factors of 1636978.
2, 7, 116927
What are the prime factors of 1264180?
2, 5, 31, 2039
List the prime factors of 1121114.
2, 19, 163, 181
List the prime factors of 25644071.
37, 137, 5059
What are the prime factors of 208183?
19, 10957
List the prime factors of 2961344.
2, 46271
List the prime factors of 122197.
89, 1373
List the prime factors of 896856.
2, 3, 37369
List the prime factors of 394457.
7, 37, 1523
What are the prime factors of 17889449?
31, 59, 9781
List the prime factors of 6342079.
6342079
List the prime factors of 440988.
2, 3, 36749
List 